{"id":20712,"date":"2026-02-20T14:49:35","date_gmt":"2026-02-20T14:49:35","guid":{"rendered":"https:\/\/raksersport.ee\/?post_type=product&#038;p=20712"},"modified":"2026-02-23T09:55:32","modified_gmt":"2026-02-23T09:55:32","slug":"kiiver-lazer-nuts-kineticore-steel-blue","status":"publish","type":"product","link":"https:\/\/raksersport.ee\/toode\/kiiver-lazer-nuts-kineticore-steel-blue\/","title":{"rendered":"Kiiver Lazer Nuts 2.0 KinetiCore Steel Blue"},"content":{"rendered":"<p>Kiiver Lazer\u00a0 on m\u00f5eldud kasutamiseks aastaringselt. See\u00a0 kiiver on uni suurus, mis sobib m\u00f5\u00f5tudele 50-56cm. Kiivri v\u00e4rvus on draakonid.<\/p>\n","protected":false},"excerpt":{"rendered":"<p>Kiiver Lazer\u00a0 on m\u00f5eldud kasutamiseks aastaringselt. See\u00a0 kiiver on uni suurus, mis sobib m\u00f5\u00f5tudele 50-56cm. Kiivri v\u00e4rvus on draakonid.<\/p>\n","protected":false},"featured_media":20713,"comment_status":"open","ping_status":"closed","template":"","meta":{"_uf_show_specific_survey":0,"_uf_disable_surveys":false},"product_brand":[],"product_cat":[291,297,307,22],"product_tag":[293],"class_list":{"0":"post-20712","1":"product","2":"type-product","3":"status-publish","4":"has-post-thumbnail","6":"product_cat-kiivrid","7":"product_cat-lapsed-kiivrid","8":"product_cat-ratta-riided-ja-varustus","9":"product_cat-bicycles","10":"product_tag-lazer","12":"first","13":"instock","14":"taxable","15":"shipping-taxable","16":"purchasable","17":"product-type-simple"},"yoast_head":"<!-- This site is optimized with the Yoast SEO plugin v27.4 - https:\/\/yoast.com\/product\/yoast-seo-wordpress\/ -->\n<title>Kiiver Lazer Nuts 2.0 KinetiCore Steel Blue - Rakser Sport<\/title>\n<meta name=\"description\" content=\"Kiiver Lazer Nuts 2.0 KinetiCore Steel Blue BLC2547893358 Kiiver Lazer\u00a0 on m\u00f5eldud kasutamiseks aastaringselt. See\u00a0 kiiver on uni suurus.\" \/>\n<meta name=\"robots\" content=\"index, follow, max-snippet:-1, max-image-preview:large, max-video-preview:-1\" \/>\n<link rel=\"canonical\" href=\"https:\/\/raksersport.ee\/?product=kiiver-lazer-nuts-kineticore-steel-blue\" \/>\n<meta property=\"og:locale\" content=\"et_EE\" \/>\n<meta property=\"og:type\" content=\"article\" \/>\n<meta property=\"og:title\" content=\"Kiiver Lazer Nuts 2.0 KinetiCore Steel Blue - Rakser Sport\" \/>\n<meta property=\"og:description\" content=\"Kiiver Lazer Nuts 2.0 KinetiCore Steel Blue BLC2547893358 Kiiver Lazer\u00a0 on m\u00f5eldud kasutamiseks aastaringselt. See\u00a0 kiiver on uni suurus.\" \/>\n<meta property=\"og:url\" content=\"https:\/\/raksersport.ee\/?product=kiiver-lazer-nuts-kineticore-steel-blue\" \/>\n<meta property=\"og:site_name\" content=\"Rakser Sport\" \/>\n<meta property=\"article:publisher\" content=\"https:\/\/www.facebook.com\/RakserSport\/\" \/>\n<meta property=\"article:modified_time\" content=\"2026-02-23T09:55:32+00:00\" \/>\n<meta property=\"og:image\" content=\"https:\/\/raksersport.ee\/wp-content\/uploads\/2026\/02\/BLC2547893358_.png\" \/>\n\t<meta property=\"og:image:width\" content=\"572\" \/>\n\t<meta property=\"og:image:height\" content=\"572\" \/>\n\t<meta property=\"og:image:type\" content=\"image\/png\" \/>\n<meta name=\"twitter:card\" content=\"summary_large_image\" \/>\n<meta name=\"twitter:label1\" content=\"Est. reading time\" \/>\n\t<meta name=\"twitter:data1\" content=\"1 minut\" \/>\n<script type=\"application\/ld+json\" class=\"yoast-schema-graph\">{\"@context\":\"https:\\\/\\\/schema.org\",\"@graph\":[{\"@type\":\"WebPage\",\"@id\":\"https:\\\/\\\/raksersport.ee\\\/?product=kiiver-lazer-nuts-kineticore-steel-blue\",\"url\":\"https:\\\/\\\/raksersport.ee\\\/?product=kiiver-lazer-nuts-kineticore-steel-blue\",\"name\":\"Kiiver Lazer Nuts 2.0 KinetiCore Steel Blue - Rakser Sport\",\"isPartOf\":{\"@id\":\"https:\\\/\\\/raksersport.ee\\\/#website\"},\"primaryImageOfPage\":{\"@id\":\"https:\\\/\\\/raksersport.ee\\\/?product=kiiver-lazer-nuts-kineticore-steel-blue#primaryimage\"},\"image\":{\"@id\":\"https:\\\/\\\/raksersport.ee\\\/?product=kiiver-lazer-nuts-kineticore-steel-blue#primaryimage\"},\"thumbnailUrl\":\"https:\\\/\\\/raksersport.ee\\\/wp-content\\\/uploads\\\/2026\\\/02\\\/BLC2547893358_.png\",\"datePublished\":\"2026-02-20T14:49:35+00:00\",\"dateModified\":\"2026-02-23T09:55:32+00:00\",\"description\":\"Kiiver Lazer Nuts 2.0 KinetiCore Steel Blue BLC2547893358 Kiiver Lazer\u00a0 on m\u00f5eldud kasutamiseks aastaringselt. See\u00a0 kiiver on uni suurus.\",\"breadcrumb\":{\"@id\":\"https:\\\/\\\/raksersport.ee\\\/?product=kiiver-lazer-nuts-kineticore-steel-blue#breadcrumb\"},\"inLanguage\":\"et\",\"potentialAction\":[{\"@type\":\"ReadAction\",\"target\":[\"https:\\\/\\\/raksersport.ee\\\/?product=kiiver-lazer-nuts-kineticore-steel-blue\"]}]},{\"@type\":\"ImageObject\",\"inLanguage\":\"et\",\"@id\":\"https:\\\/\\\/raksersport.ee\\\/?product=kiiver-lazer-nuts-kineticore-steel-blue#primaryimage\",\"url\":\"https:\\\/\\\/raksersport.ee\\\/wp-content\\\/uploads\\\/2026\\\/02\\\/BLC2547893358_.png\",\"contentUrl\":\"https:\\\/\\\/raksersport.ee\\\/wp-content\\\/uploads\\\/2026\\\/02\\\/BLC2547893358_.png\",\"width\":572,\"height\":572},{\"@type\":\"BreadcrumbList\",\"@id\":\"https:\\\/\\\/raksersport.ee\\\/?product=kiiver-lazer-nuts-kineticore-steel-blue#breadcrumb\",\"itemListElement\":[{\"@type\":\"ListItem\",\"position\":1,\"name\":\"Home\",\"item\":\"https:\\\/\\\/raksersport.ee\\\/\"},{\"@type\":\"ListItem\",\"position\":2,\"name\":\"Pood\",\"item\":\"https:\\\/\\\/raksersport.ee\\\/\"},{\"@type\":\"ListItem\",\"position\":3,\"name\":\"Kiiver Lazer Nuts 2.0 KinetiCore Steel Blue\"}]},{\"@type\":\"WebSite\",\"@id\":\"https:\\\/\\\/raksersport.ee\\\/#website\",\"url\":\"https:\\\/\\\/raksersport.ee\\\/\",\"name\":\"RakserSport\",\"description\":\"Spordipoed Haapsalus ja Raplas\",\"publisher\":{\"@id\":\"https:\\\/\\\/raksersport.ee\\\/#organization\"},\"potentialAction\":[{\"@type\":\"SearchAction\",\"target\":{\"@type\":\"EntryPoint\",\"urlTemplate\":\"https:\\\/\\\/raksersport.ee\\\/?s={search_term_string}\"},\"query-input\":{\"@type\":\"PropertyValueSpecification\",\"valueRequired\":true,\"valueName\":\"search_term_string\"}}],\"inLanguage\":\"et\"},{\"@type\":\"Organization\",\"@id\":\"https:\\\/\\\/raksersport.ee\\\/#organization\",\"name\":\"Rakser Sport O\u00dc\",\"url\":\"https:\\\/\\\/raksersport.ee\\\/\",\"logo\":{\"@type\":\"ImageObject\",\"inLanguage\":\"et\",\"@id\":\"https:\\\/\\\/raksersport.ee\\\/#\\\/schema\\\/logo\\\/image\\\/\",\"url\":\"https:\\\/\\\/raksersport.ee\\\/wp-content\\\/uploads\\\/2020\\\/03\\\/rakser-logo-BW.jpg\",\"contentUrl\":\"https:\\\/\\\/raksersport.ee\\\/wp-content\\\/uploads\\\/2020\\\/03\\\/rakser-logo-BW.jpg\",\"width\":2020,\"height\":377,\"caption\":\"Rakser Sport O\u00dc\"},\"image\":{\"@id\":\"https:\\\/\\\/raksersport.ee\\\/#\\\/schema\\\/logo\\\/image\\\/\"},\"sameAs\":[\"https:\\\/\\\/www.facebook.com\\\/RakserSport\\\/\"]}]}<\/script>\n<!-- \/ Yoast SEO plugin. -->","yoast_head_json":{"title":"Kiiver Lazer Nuts 2.0 KinetiCore Steel Blue - Rakser Sport","description":"Kiiver Lazer Nuts 2.0 KinetiCore Steel Blue BLC2547893358 Kiiver Lazer\u00a0 on m\u00f5eldud kasutamiseks aastaringselt. See\u00a0 kiiver on uni suurus.","robots":{"index":"index","follow":"follow","max-snippet":"max-snippet:-1","max-image-preview":"max-image-preview:large","max-video-preview":"max-video-preview:-1"},"canonical":"https:\/\/raksersport.ee\/?product=kiiver-lazer-nuts-kineticore-steel-blue","og_locale":"et_EE","og_type":"article","og_title":"Kiiver Lazer Nuts 2.0 KinetiCore Steel Blue - Rakser Sport","og_description":"Kiiver Lazer Nuts 2.0 KinetiCore Steel Blue BLC2547893358 Kiiver Lazer\u00a0 on m\u00f5eldud kasutamiseks aastaringselt. See\u00a0 kiiver on uni suurus.","og_url":"https:\/\/raksersport.ee\/?product=kiiver-lazer-nuts-kineticore-steel-blue","og_site_name":"Rakser Sport","article_publisher":"https:\/\/www.facebook.com\/RakserSport\/","article_modified_time":"2026-02-23T09:55:32+00:00","og_image":[{"width":572,"height":572,"url":"https:\/\/raksersport.ee\/wp-content\/uploads\/2026\/02\/BLC2547893358_.png","type":"image\/png"}],"twitter_card":"summary_large_image","twitter_misc":{"Est. reading time":"1 minut"},"schema":{"@context":"https:\/\/schema.org","@graph":[{"@type":"WebPage","@id":"https:\/\/raksersport.ee\/?product=kiiver-lazer-nuts-kineticore-steel-blue","url":"https:\/\/raksersport.ee\/?product=kiiver-lazer-nuts-kineticore-steel-blue","name":"Kiiver Lazer Nuts 2.0 KinetiCore Steel Blue - Rakser Sport","isPartOf":{"@id":"https:\/\/raksersport.ee\/#website"},"primaryImageOfPage":{"@id":"https:\/\/raksersport.ee\/?product=kiiver-lazer-nuts-kineticore-steel-blue#primaryimage"},"image":{"@id":"https:\/\/raksersport.ee\/?product=kiiver-lazer-nuts-kineticore-steel-blue#primaryimage"},"thumbnailUrl":"https:\/\/raksersport.ee\/wp-content\/uploads\/2026\/02\/BLC2547893358_.png","datePublished":"2026-02-20T14:49:35+00:00","dateModified":"2026-02-23T09:55:32+00:00","description":"Kiiver Lazer Nuts 2.0 KinetiCore Steel Blue BLC2547893358 Kiiver Lazer\u00a0 on m\u00f5eldud kasutamiseks aastaringselt. See\u00a0 kiiver on uni suurus.","breadcrumb":{"@id":"https:\/\/raksersport.ee\/?product=kiiver-lazer-nuts-kineticore-steel-blue#breadcrumb"},"inLanguage":"et","potentialAction":[{"@type":"ReadAction","target":["https:\/\/raksersport.ee\/?product=kiiver-lazer-nuts-kineticore-steel-blue"]}]},{"@type":"ImageObject","inLanguage":"et","@id":"https:\/\/raksersport.ee\/?product=kiiver-lazer-nuts-kineticore-steel-blue#primaryimage","url":"https:\/\/raksersport.ee\/wp-content\/uploads\/2026\/02\/BLC2547893358_.png","contentUrl":"https:\/\/raksersport.ee\/wp-content\/uploads\/2026\/02\/BLC2547893358_.png","width":572,"height":572},{"@type":"BreadcrumbList","@id":"https:\/\/raksersport.ee\/?product=kiiver-lazer-nuts-kineticore-steel-blue#breadcrumb","itemListElement":[{"@type":"ListItem","position":1,"name":"Home","item":"https:\/\/raksersport.ee\/"},{"@type":"ListItem","position":2,"name":"Pood","item":"https:\/\/raksersport.ee\/"},{"@type":"ListItem","position":3,"name":"Kiiver Lazer Nuts 2.0 KinetiCore Steel Blue"}]},{"@type":"WebSite","@id":"https:\/\/raksersport.ee\/#website","url":"https:\/\/raksersport.ee\/","name":"RakserSport","description":"Spordipoed Haapsalus ja Raplas","publisher":{"@id":"https:\/\/raksersport.ee\/#organization"},"potentialAction":[{"@type":"SearchAction","target":{"@type":"EntryPoint","urlTemplate":"https:\/\/raksersport.ee\/?s={search_term_string}"},"query-input":{"@type":"PropertyValueSpecification","valueRequired":true,"valueName":"search_term_string"}}],"inLanguage":"et"},{"@type":"Organization","@id":"https:\/\/raksersport.ee\/#organization","name":"Rakser Sport O\u00dc","url":"https:\/\/raksersport.ee\/","logo":{"@type":"ImageObject","inLanguage":"et","@id":"https:\/\/raksersport.ee\/#\/schema\/logo\/image\/","url":"https:\/\/raksersport.ee\/wp-content\/uploads\/2020\/03\/rakser-logo-BW.jpg","contentUrl":"https:\/\/raksersport.ee\/wp-content\/uploads\/2020\/03\/rakser-logo-BW.jpg","width":2020,"height":377,"caption":"Rakser Sport O\u00dc"},"image":{"@id":"https:\/\/raksersport.ee\/#\/schema\/logo\/image\/"},"sameAs":["https:\/\/www.facebook.com\/RakserSport\/"]}]}},"jetpack_sharing_enabled":true,"_links":{"self":[{"href":"https:\/\/raksersport.ee\/wp-json\/wp\/v2\/product\/20712","targetHints":{"allow":["GET"]}}],"collection":[{"href":"https:\/\/raksersport.ee\/wp-json\/wp\/v2\/product"}],"about":[{"href":"https:\/\/raksersport.ee\/wp-json\/wp\/v2\/types\/product"}],"replies":[{"embeddable":true,"href":"https:\/\/raksersport.ee\/wp-json\/wp\/v2\/comments?post=20712"}],"wp:featuredmedia":[{"embeddable":true,"href":"https:\/\/raksersport.ee\/wp-json\/wp\/v2\/media\/20713"}],"wp:attachment":[{"href":"https:\/\/raksersport.ee\/wp-json\/wp\/v2\/media?parent=20712"}],"wp:term":[{"taxonomy":"product_brand","embeddable":true,"href":"https:\/\/raksersport.ee\/wp-json\/wp\/v2\/product_brand?post=20712"},{"taxonomy":"product_cat","embeddable":true,"href":"https:\/\/raksersport.ee\/wp-json\/wp\/v2\/product_cat?post=20712"},{"taxonomy":"product_tag","embeddable":true,"href":"https:\/\/raksersport.ee\/wp-json\/wp\/v2\/product_tag?post=20712"}],"curies":[{"name":"wp","href":"https:\/\/api.w.org\/{rel}","templated":true}]}}