{"id":17847,"date":"2025-03-26T08:34:26","date_gmt":"2025-03-26T08:34:26","guid":{"rendered":"https:\/\/raksersport.ee\/?post_type=product&#038;p=17847"},"modified":"2025-03-26T08:34:26","modified_gmt":"2025-03-26T08:34:26","slug":"lukk-spiraal-axa-resolutkey-8x-1500","status":"publish","type":"product","link":"https:\/\/raksersport.ee\/toode\/lukk-spiraal-axa-resolutkey-8x-1500\/","title":{"rendered":"Lukk spiraal AXA ResolutKey 8x 1500"},"content":{"rendered":"<p><strong>Lukk spiraal AXA ResolutKey 8x 1500<\/strong><\/p>\n<ul>\n<li class=\"first-letter:uppercase font-normal\"><span>Pikkus 150 cm<\/span><\/li>\n<li class=\"first-letter:uppercase font-normal\"><span>Kaabli l\u00e4bim\u00f5\u00f5t \u00d8 8 mm<\/span><\/li>\n<li class=\"first-letter:uppercase font-normal\"><span>Automaatne lukustus<\/span><\/li>\n<li class=\"first-letter:uppercase font-normal\"><span>Kaasa arvatud sulg<\/span><\/li>\n<li class=\"first-letter:uppercase font-normal\">Matt viimistlusega kaablikate, mis kaitseb kahjustuste eest<\/li>\n<\/ul>\n","protected":false},"excerpt":{"rendered":"<p>Lukk spiraal AXA ResolutKey 8x 1500<\/p>\n<p>AXA Resolute 8-150 on standardne trosslukk, mis sobib l\u00fchiajaliseks parkimiseks kohtades, kus varguse oht on madal. See kaabellukk on kasutajas\u00f5bralik, kuna kaabli lukustamiseks ei pea te v\u00f5tit keerama. Saate seda h\u00f5lpsasti hoiustada, kasutades kaasasolevat p\u00f5hiklambrit. Trossluku AXA Resolute pikkus on 150 cm, kaabli l\u00e4bim\u00f5\u00f5t on 8 mm. Luksuslik mattkattega kate tagab, et teie jalgratas ei saaks kasutamise ajal kahjustada.<\/p>\n","protected":false},"featured_media":17848,"comment_status":"open","ping_status":"closed","template":"","meta":{"_uf_show_specific_survey":0,"_uf_disable_surveys":false},"product_brand":[],"product_cat":[86,310,22],"product_tag":[537],"class_list":{"0":"post-17847","1":"product","2":"type-product","3":"status-publish","4":"has-post-thumbnail","6":"product_cat-lisavarustus","7":"product_cat-lukud","8":"product_cat-bicycles","9":"product_tag-axa","11":"first","12":"instock","13":"taxable","14":"shipping-taxable","15":"purchasable","16":"product-type-simple"},"yoast_head":"<!-- This site is optimized with the Yoast SEO plugin v27.4 - https:\/\/yoast.com\/product\/yoast-seo-wordpress\/ -->\n<title>Lukk spiraal AXA ResolutKey 8x 1500 - Rakser Sport<\/title>\n<meta name=\"description\" content=\"Lukk spiraal AXA ResolutKey 8x 1500 59430595SC AXA Resolute 8-150 on standardne trosslukk, mis sobib l\u00fchiajaliseks parkimiseks kohtades, kus varguse oht on madal.\" \/>\n<meta name=\"robots\" content=\"index, follow, max-snippet:-1, max-image-preview:large, max-video-preview:-1\" \/>\n<link rel=\"canonical\" href=\"https:\/\/raksersport.ee\/?product=lukk-spiraal-axa-resolutkey-8x-1500\" \/>\n<meta property=\"og:locale\" content=\"et_EE\" \/>\n<meta property=\"og:type\" content=\"article\" \/>\n<meta property=\"og:title\" content=\"Lukk spiraal AXA ResolutKey 8x 1500 - Rakser Sport\" \/>\n<meta property=\"og:description\" content=\"Lukk spiraal AXA ResolutKey 8x 1500 59430595SC AXA Resolute 8-150 on standardne trosslukk, mis sobib l\u00fchiajaliseks parkimiseks kohtades, kus varguse oht on madal.\" \/>\n<meta property=\"og:url\" content=\"https:\/\/raksersport.ee\/?product=lukk-spiraal-axa-resolutkey-8x-1500\" \/>\n<meta property=\"og:site_name\" content=\"Rakser Sport\" \/>\n<meta property=\"article:publisher\" content=\"https:\/\/www.facebook.com\/RakserSport\/\" \/>\n<meta property=\"og:image\" content=\"https:\/\/raksersport.ee\/wp-content\/uploads\/2025\/03\/AXA-resolutkey.webp\" \/>\n\t<meta property=\"og:image:width\" content=\"1181\" \/>\n\t<meta property=\"og:image:height\" content=\"787\" \/>\n\t<meta property=\"og:image:type\" content=\"image\/webp\" \/>\n<meta name=\"twitter:card\" content=\"summary_large_image\" \/>\n<meta name=\"twitter:label1\" content=\"Est. reading time\" \/>\n\t<meta name=\"twitter:data1\" content=\"1 minut\" \/>\n<script type=\"application\/ld+json\" class=\"yoast-schema-graph\">{\"@context\":\"https:\\\/\\\/schema.org\",\"@graph\":[{\"@type\":\"WebPage\",\"@id\":\"https:\\\/\\\/raksersport.ee\\\/?product=lukk-spiraal-axa-resolutkey-8x-1500\",\"url\":\"https:\\\/\\\/raksersport.ee\\\/?product=lukk-spiraal-axa-resolutkey-8x-1500\",\"name\":\"Lukk spiraal AXA ResolutKey 8x 1500 - Rakser Sport\",\"isPartOf\":{\"@id\":\"https:\\\/\\\/raksersport.ee\\\/#website\"},\"primaryImageOfPage\":{\"@id\":\"https:\\\/\\\/raksersport.ee\\\/?product=lukk-spiraal-axa-resolutkey-8x-1500#primaryimage\"},\"image\":{\"@id\":\"https:\\\/\\\/raksersport.ee\\\/?product=lukk-spiraal-axa-resolutkey-8x-1500#primaryimage\"},\"thumbnailUrl\":\"https:\\\/\\\/raksersport.ee\\\/wp-content\\\/uploads\\\/2025\\\/03\\\/AXA-resolutkey.webp\",\"datePublished\":\"2025-03-26T08:34:26+00:00\",\"description\":\"Lukk spiraal AXA ResolutKey 8x 1500 59430595SC AXA Resolute 8-150 on standardne trosslukk, mis sobib l\u00fchiajaliseks parkimiseks kohtades, kus varguse oht on madal.\",\"breadcrumb\":{\"@id\":\"https:\\\/\\\/raksersport.ee\\\/?product=lukk-spiraal-axa-resolutkey-8x-1500#breadcrumb\"},\"inLanguage\":\"et\",\"potentialAction\":[{\"@type\":\"ReadAction\",\"target\":[\"https:\\\/\\\/raksersport.ee\\\/?product=lukk-spiraal-axa-resolutkey-8x-1500\"]}]},{\"@type\":\"ImageObject\",\"inLanguage\":\"et\",\"@id\":\"https:\\\/\\\/raksersport.ee\\\/?product=lukk-spiraal-axa-resolutkey-8x-1500#primaryimage\",\"url\":\"https:\\\/\\\/raksersport.ee\\\/wp-content\\\/uploads\\\/2025\\\/03\\\/AXA-resolutkey.webp\",\"contentUrl\":\"https:\\\/\\\/raksersport.ee\\\/wp-content\\\/uploads\\\/2025\\\/03\\\/AXA-resolutkey.webp\",\"width\":1181,\"height\":787},{\"@type\":\"BreadcrumbList\",\"@id\":\"https:\\\/\\\/raksersport.ee\\\/?product=lukk-spiraal-axa-resolutkey-8x-1500#breadcrumb\",\"itemListElement\":[{\"@type\":\"ListItem\",\"position\":1,\"name\":\"Home\",\"item\":\"https:\\\/\\\/raksersport.ee\\\/\"},{\"@type\":\"ListItem\",\"position\":2,\"name\":\"Pood\",\"item\":\"https:\\\/\\\/raksersport.ee\\\/\"},{\"@type\":\"ListItem\",\"position\":3,\"name\":\"Lukk spiraal AXA ResolutKey 8x 1500\"}]},{\"@type\":\"WebSite\",\"@id\":\"https:\\\/\\\/raksersport.ee\\\/#website\",\"url\":\"https:\\\/\\\/raksersport.ee\\\/\",\"name\":\"RakserSport\",\"description\":\"Spordipoed Haapsalus ja Raplas\",\"publisher\":{\"@id\":\"https:\\\/\\\/raksersport.ee\\\/#organization\"},\"potentialAction\":[{\"@type\":\"SearchAction\",\"target\":{\"@type\":\"EntryPoint\",\"urlTemplate\":\"https:\\\/\\\/raksersport.ee\\\/?s={search_term_string}\"},\"query-input\":{\"@type\":\"PropertyValueSpecification\",\"valueRequired\":true,\"valueName\":\"search_term_string\"}}],\"inLanguage\":\"et\"},{\"@type\":\"Organization\",\"@id\":\"https:\\\/\\\/raksersport.ee\\\/#organization\",\"name\":\"Rakser Sport O\u00dc\",\"url\":\"https:\\\/\\\/raksersport.ee\\\/\",\"logo\":{\"@type\":\"ImageObject\",\"inLanguage\":\"et\",\"@id\":\"https:\\\/\\\/raksersport.ee\\\/#\\\/schema\\\/logo\\\/image\\\/\",\"url\":\"https:\\\/\\\/raksersport.ee\\\/wp-content\\\/uploads\\\/2020\\\/03\\\/rakser-logo-BW.jpg\",\"contentUrl\":\"https:\\\/\\\/raksersport.ee\\\/wp-content\\\/uploads\\\/2020\\\/03\\\/rakser-logo-BW.jpg\",\"width\":2020,\"height\":377,\"caption\":\"Rakser Sport O\u00dc\"},\"image\":{\"@id\":\"https:\\\/\\\/raksersport.ee\\\/#\\\/schema\\\/logo\\\/image\\\/\"},\"sameAs\":[\"https:\\\/\\\/www.facebook.com\\\/RakserSport\\\/\"]}]}<\/script>\n<!-- \/ Yoast SEO plugin. -->","yoast_head_json":{"title":"Lukk spiraal AXA ResolutKey 8x 1500 - Rakser Sport","description":"Lukk spiraal AXA ResolutKey 8x 1500 59430595SC AXA Resolute 8-150 on standardne trosslukk, mis sobib l\u00fchiajaliseks parkimiseks kohtades, kus varguse oht on madal.","robots":{"index":"index","follow":"follow","max-snippet":"max-snippet:-1","max-image-preview":"max-image-preview:large","max-video-preview":"max-video-preview:-1"},"canonical":"https:\/\/raksersport.ee\/?product=lukk-spiraal-axa-resolutkey-8x-1500","og_locale":"et_EE","og_type":"article","og_title":"Lukk spiraal AXA ResolutKey 8x 1500 - Rakser Sport","og_description":"Lukk spiraal AXA ResolutKey 8x 1500 59430595SC AXA Resolute 8-150 on standardne trosslukk, mis sobib l\u00fchiajaliseks parkimiseks kohtades, kus varguse oht on madal.","og_url":"https:\/\/raksersport.ee\/?product=lukk-spiraal-axa-resolutkey-8x-1500","og_site_name":"Rakser Sport","article_publisher":"https:\/\/www.facebook.com\/RakserSport\/","og_image":[{"width":1181,"height":787,"url":"https:\/\/raksersport.ee\/wp-content\/uploads\/2025\/03\/AXA-resolutkey.webp","type":"image\/webp"}],"twitter_card":"summary_large_image","twitter_misc":{"Est. reading time":"1 minut"},"schema":{"@context":"https:\/\/schema.org","@graph":[{"@type":"WebPage","@id":"https:\/\/raksersport.ee\/?product=lukk-spiraal-axa-resolutkey-8x-1500","url":"https:\/\/raksersport.ee\/?product=lukk-spiraal-axa-resolutkey-8x-1500","name":"Lukk spiraal AXA ResolutKey 8x 1500 - Rakser Sport","isPartOf":{"@id":"https:\/\/raksersport.ee\/#website"},"primaryImageOfPage":{"@id":"https:\/\/raksersport.ee\/?product=lukk-spiraal-axa-resolutkey-8x-1500#primaryimage"},"image":{"@id":"https:\/\/raksersport.ee\/?product=lukk-spiraal-axa-resolutkey-8x-1500#primaryimage"},"thumbnailUrl":"https:\/\/raksersport.ee\/wp-content\/uploads\/2025\/03\/AXA-resolutkey.webp","datePublished":"2025-03-26T08:34:26+00:00","description":"Lukk spiraal AXA ResolutKey 8x 1500 59430595SC AXA Resolute 8-150 on standardne trosslukk, mis sobib l\u00fchiajaliseks parkimiseks kohtades, kus varguse oht on madal.","breadcrumb":{"@id":"https:\/\/raksersport.ee\/?product=lukk-spiraal-axa-resolutkey-8x-1500#breadcrumb"},"inLanguage":"et","potentialAction":[{"@type":"ReadAction","target":["https:\/\/raksersport.ee\/?product=lukk-spiraal-axa-resolutkey-8x-1500"]}]},{"@type":"ImageObject","inLanguage":"et","@id":"https:\/\/raksersport.ee\/?product=lukk-spiraal-axa-resolutkey-8x-1500#primaryimage","url":"https:\/\/raksersport.ee\/wp-content\/uploads\/2025\/03\/AXA-resolutkey.webp","contentUrl":"https:\/\/raksersport.ee\/wp-content\/uploads\/2025\/03\/AXA-resolutkey.webp","width":1181,"height":787},{"@type":"BreadcrumbList","@id":"https:\/\/raksersport.ee\/?product=lukk-spiraal-axa-resolutkey-8x-1500#breadcrumb","itemListElement":[{"@type":"ListItem","position":1,"name":"Home","item":"https:\/\/raksersport.ee\/"},{"@type":"ListItem","position":2,"name":"Pood","item":"https:\/\/raksersport.ee\/"},{"@type":"ListItem","position":3,"name":"Lukk spiraal AXA ResolutKey 8x 1500"}]},{"@type":"WebSite","@id":"https:\/\/raksersport.ee\/#website","url":"https:\/\/raksersport.ee\/","name":"RakserSport","description":"Spordipoed Haapsalus ja Raplas","publisher":{"@id":"https:\/\/raksersport.ee\/#organization"},"potentialAction":[{"@type":"SearchAction","target":{"@type":"EntryPoint","urlTemplate":"https:\/\/raksersport.ee\/?s={search_term_string}"},"query-input":{"@type":"PropertyValueSpecification","valueRequired":true,"valueName":"search_term_string"}}],"inLanguage":"et"},{"@type":"Organization","@id":"https:\/\/raksersport.ee\/#organization","name":"Rakser Sport O\u00dc","url":"https:\/\/raksersport.ee\/","logo":{"@type":"ImageObject","inLanguage":"et","@id":"https:\/\/raksersport.ee\/#\/schema\/logo\/image\/","url":"https:\/\/raksersport.ee\/wp-content\/uploads\/2020\/03\/rakser-logo-BW.jpg","contentUrl":"https:\/\/raksersport.ee\/wp-content\/uploads\/2020\/03\/rakser-logo-BW.jpg","width":2020,"height":377,"caption":"Rakser Sport O\u00dc"},"image":{"@id":"https:\/\/raksersport.ee\/#\/schema\/logo\/image\/"},"sameAs":["https:\/\/www.facebook.com\/RakserSport\/"]}]}},"jetpack_sharing_enabled":true,"_links":{"self":[{"href":"https:\/\/raksersport.ee\/wp-json\/wp\/v2\/product\/17847","targetHints":{"allow":["GET"]}}],"collection":[{"href":"https:\/\/raksersport.ee\/wp-json\/wp\/v2\/product"}],"about":[{"href":"https:\/\/raksersport.ee\/wp-json\/wp\/v2\/types\/product"}],"replies":[{"embeddable":true,"href":"https:\/\/raksersport.ee\/wp-json\/wp\/v2\/comments?post=17847"}],"wp:featuredmedia":[{"embeddable":true,"href":"https:\/\/raksersport.ee\/wp-json\/wp\/v2\/media\/17848"}],"wp:attachment":[{"href":"https:\/\/raksersport.ee\/wp-json\/wp\/v2\/media?parent=17847"}],"wp:term":[{"taxonomy":"product_brand","embeddable":true,"href":"https:\/\/raksersport.ee\/wp-json\/wp\/v2\/product_brand?post=17847"},{"taxonomy":"product_cat","embeddable":true,"href":"https:\/\/raksersport.ee\/wp-json\/wp\/v2\/product_cat?post=17847"},{"taxonomy":"product_tag","embeddable":true,"href":"https:\/\/raksersport.ee\/wp-json\/wp\/v2\/product_tag?post=17847"}],"curies":[{"name":"wp","href":"https:\/\/api.w.org\/{rel}","templated":true}]}}