{"id":15936,"date":"2024-09-19T14:17:13","date_gmt":"2024-09-19T14:17:13","guid":{"rendered":"https:\/\/raksersport.ee\/?post_type=product&#038;p=15936"},"modified":"2025-12-24T12:01:59","modified_gmt":"2025-12-24T12:01:59","slug":"pusa-icepeak-agran","status":"publish","type":"product","link":"https:\/\/raksersport.ee\/toode\/pusa-icepeak-agran\/","title":{"rendered":"Pusa Icepeak Agran"},"content":{"rendered":"<p>Pusa Icepeak Agran<\/p>\n<p>Icepeak Midlayer meestele. Tavaline suurus. Kapuutsil pingutusn\u00f6\u00f6rid. Fikseeritud kapuuts. Elastsed k\u00e4tised. Kaks lukuga esitaskut. Rinnatasku. Ees t\u00f5mblukk. Elastne all\u00e4\u00e4r. Logo m\u00e4rk. Termomaterjal on soe ja kerge ning kuivab kiiresti. Tootes on kasutatud taaskasutatud materjale.<\/p>\n<p>100% pol\u00fcester<br \/>\nTermomaterjal on soe ja kerge ning kuivab kiiresti.<br \/>\nTootes on kasutatud taaskasutatud materjale.<\/p>\n<p><img loading=\"lazy\" decoding=\"async\" class=\"alignnone  wp-image-15940\" src=\"https:\/\/raksersport.ee\/wp-content\/uploads\/2024\/09\/Meeste-Icepeak-mootude-tabel-S-XXL-300x89.jpg\" alt=\"\" width=\"715\" height=\"212\" srcset=\"https:\/\/raksersport.ee\/wp-content\/uploads\/2024\/09\/Meeste-Icepeak-mootude-tabel-S-XXL-300x89.jpg 300w, https:\/\/raksersport.ee\/wp-content\/uploads\/2024\/09\/Meeste-Icepeak-mootude-tabel-S-XXL-416x124.jpg 416w, https:\/\/raksersport.ee\/wp-content\/uploads\/2024\/09\/Meeste-Icepeak-mootude-tabel-S-XXL.jpg 721w\" sizes=\"auto, (max-width: 715px) 100vw, 715px\" \/><\/p>\n","protected":false},"excerpt":{"rendered":"<p>Pusa Icepeak Agran<\/p>\n<p>Icepeak Midlayer meestele. Tavaline suurus. Kapuutsil pingutusn\u00f6\u00f6rid. Fikseeritud kapuuts. Elastsed k\u00e4tised. Kaks lukuga esitaskut. Rinnatasku. Ees t\u00f5mblukk. Elastne all\u00e4\u00e4r. Logo m\u00e4rk. Termomaterjal on soe ja kerge ning kuivab kiiresti. Tootes on kasutatud taaskasutatud materjale.<\/p>\n<p>&nbsp;<\/p>\n","protected":false},"featured_media":15831,"comment_status":"open","ping_status":"closed","template":"","meta":{"_uf_show_specific_survey":0,"_uf_disable_surveys":false},"product_brand":[],"product_cat":[20,40],"product_tag":[51],"class_list":{"0":"post-15936","1":"product","2":"type-product","3":"status-publish","4":"has-post-thumbnail","6":"product_cat-meeste-pusad","7":"product_cat-mehed","8":"product_tag-icepeak","10":"first","11":"instock","12":"taxable","13":"shipping-taxable","14":"purchasable","15":"product-type-variable"},"yoast_head":"<!-- This site is optimized with the Yoast SEO plugin v27.4 - https:\/\/yoast.com\/product\/yoast-seo-wordpress\/ -->\n<title>Pusa Icepeak Agran<\/title>\n<meta name=\"description\" content=\"Pusa Icepeak Agran 57850655\/390.Icepeak Midlayer meestele. Tavaline suurus. Kapuutsil pingutusn\u00f6\u00f6rid. Fikseeritud kapuuts. Elastsed k\u00e4tised.\" \/>\n<meta name=\"robots\" content=\"index, follow, max-snippet:-1, max-image-preview:large, max-video-preview:-1\" \/>\n<link rel=\"canonical\" href=\"https:\/\/raksersport.ee\/?product=pusa-icepeak-agran\" \/>\n<meta property=\"og:locale\" content=\"et_EE\" \/>\n<meta property=\"og:type\" content=\"article\" \/>\n<meta property=\"og:title\" content=\"Pusa Icepeak Agran\" \/>\n<meta property=\"og:description\" content=\"Pusa Icepeak Agran 57850655\/390.Icepeak Midlayer meestele. Tavaline suurus. Kapuutsil pingutusn\u00f6\u00f6rid. Fikseeritud kapuuts. Elastsed k\u00e4tised.\" \/>\n<meta property=\"og:url\" content=\"https:\/\/raksersport.ee\/?product=pusa-icepeak-agran\" \/>\n<meta property=\"og:site_name\" content=\"Rakser Sport\" \/>\n<meta property=\"article:publisher\" content=\"https:\/\/www.facebook.com\/RakserSport\/\" \/>\n<meta property=\"article:modified_time\" content=\"2025-12-24T12:01:59+00:00\" \/>\n<meta property=\"og:image\" content=\"https:\/\/raksersport.ee\/wp-content\/uploads\/2024\/09\/57850655_390_1.jpg\" \/>\n\t<meta property=\"og:image:width\" content=\"400\" \/>\n\t<meta property=\"og:image:height\" content=\"464\" \/>\n\t<meta property=\"og:image:type\" content=\"image\/jpeg\" \/>\n<meta name=\"twitter:card\" content=\"summary_large_image\" \/>\n<meta name=\"twitter:label1\" content=\"Est. reading time\" \/>\n\t<meta name=\"twitter:data1\" content=\"1 minut\" \/>\n<script type=\"application\/ld+json\" class=\"yoast-schema-graph\">{\"@context\":\"https:\\\/\\\/schema.org\",\"@graph\":[{\"@type\":\"WebPage\",\"@id\":\"https:\\\/\\\/raksersport.ee\\\/?product=pusa-icepeak-agran\",\"url\":\"https:\\\/\\\/raksersport.ee\\\/?product=pusa-icepeak-agran\",\"name\":\"Pusa Icepeak Agran\",\"isPartOf\":{\"@id\":\"https:\\\/\\\/raksersport.ee\\\/#website\"},\"primaryImageOfPage\":{\"@id\":\"https:\\\/\\\/raksersport.ee\\\/?product=pusa-icepeak-agran#primaryimage\"},\"image\":{\"@id\":\"https:\\\/\\\/raksersport.ee\\\/?product=pusa-icepeak-agran#primaryimage\"},\"thumbnailUrl\":\"https:\\\/\\\/raksersport.ee\\\/wp-content\\\/uploads\\\/2024\\\/09\\\/57850655_390_1.jpg\",\"datePublished\":\"2024-09-19T14:17:13+00:00\",\"dateModified\":\"2025-12-24T12:01:59+00:00\",\"description\":\"Pusa Icepeak Agran 57850655\\\/390.Icepeak Midlayer meestele. Tavaline suurus. Kapuutsil pingutusn\u00f6\u00f6rid. Fikseeritud kapuuts. Elastsed k\u00e4tised.\",\"breadcrumb\":{\"@id\":\"https:\\\/\\\/raksersport.ee\\\/?product=pusa-icepeak-agran#breadcrumb\"},\"inLanguage\":\"et\",\"potentialAction\":[{\"@type\":\"ReadAction\",\"target\":[\"https:\\\/\\\/raksersport.ee\\\/?product=pusa-icepeak-agran\"]}]},{\"@type\":\"ImageObject\",\"inLanguage\":\"et\",\"@id\":\"https:\\\/\\\/raksersport.ee\\\/?product=pusa-icepeak-agran#primaryimage\",\"url\":\"https:\\\/\\\/raksersport.ee\\\/wp-content\\\/uploads\\\/2024\\\/09\\\/57850655_390_1.jpg\",\"contentUrl\":\"https:\\\/\\\/raksersport.ee\\\/wp-content\\\/uploads\\\/2024\\\/09\\\/57850655_390_1.jpg\",\"width\":400,\"height\":464,\"caption\":\"Pusa Icepeak Agran\"},{\"@type\":\"BreadcrumbList\",\"@id\":\"https:\\\/\\\/raksersport.ee\\\/?product=pusa-icepeak-agran#breadcrumb\",\"itemListElement\":[{\"@type\":\"ListItem\",\"position\":1,\"name\":\"Home\",\"item\":\"https:\\\/\\\/raksersport.ee\\\/\"},{\"@type\":\"ListItem\",\"position\":2,\"name\":\"Pood\",\"item\":\"https:\\\/\\\/raksersport.ee\\\/\"},{\"@type\":\"ListItem\",\"position\":3,\"name\":\"Pusa Icepeak Agran\"}]},{\"@type\":\"WebSite\",\"@id\":\"https:\\\/\\\/raksersport.ee\\\/#website\",\"url\":\"https:\\\/\\\/raksersport.ee\\\/\",\"name\":\"RakserSport\",\"description\":\"Spordipoed Haapsalus ja Raplas\",\"publisher\":{\"@id\":\"https:\\\/\\\/raksersport.ee\\\/#organization\"},\"potentialAction\":[{\"@type\":\"SearchAction\",\"target\":{\"@type\":\"EntryPoint\",\"urlTemplate\":\"https:\\\/\\\/raksersport.ee\\\/?s={search_term_string}\"},\"query-input\":{\"@type\":\"PropertyValueSpecification\",\"valueRequired\":true,\"valueName\":\"search_term_string\"}}],\"inLanguage\":\"et\"},{\"@type\":\"Organization\",\"@id\":\"https:\\\/\\\/raksersport.ee\\\/#organization\",\"name\":\"Rakser Sport O\u00dc\",\"url\":\"https:\\\/\\\/raksersport.ee\\\/\",\"logo\":{\"@type\":\"ImageObject\",\"inLanguage\":\"et\",\"@id\":\"https:\\\/\\\/raksersport.ee\\\/#\\\/schema\\\/logo\\\/image\\\/\",\"url\":\"https:\\\/\\\/raksersport.ee\\\/wp-content\\\/uploads\\\/2020\\\/03\\\/rakser-logo-BW.jpg\",\"contentUrl\":\"https:\\\/\\\/raksersport.ee\\\/wp-content\\\/uploads\\\/2020\\\/03\\\/rakser-logo-BW.jpg\",\"width\":2020,\"height\":377,\"caption\":\"Rakser Sport O\u00dc\"},\"image\":{\"@id\":\"https:\\\/\\\/raksersport.ee\\\/#\\\/schema\\\/logo\\\/image\\\/\"},\"sameAs\":[\"https:\\\/\\\/www.facebook.com\\\/RakserSport\\\/\"]}]}<\/script>\n<!-- \/ Yoast SEO plugin. -->","yoast_head_json":{"title":"Pusa Icepeak Agran","description":"Pusa Icepeak Agran 57850655\/390.Icepeak Midlayer meestele. Tavaline suurus. Kapuutsil pingutusn\u00f6\u00f6rid. Fikseeritud kapuuts. Elastsed k\u00e4tised.","robots":{"index":"index","follow":"follow","max-snippet":"max-snippet:-1","max-image-preview":"max-image-preview:large","max-video-preview":"max-video-preview:-1"},"canonical":"https:\/\/raksersport.ee\/?product=pusa-icepeak-agran","og_locale":"et_EE","og_type":"article","og_title":"Pusa Icepeak Agran","og_description":"Pusa Icepeak Agran 57850655\/390.Icepeak Midlayer meestele. Tavaline suurus. Kapuutsil pingutusn\u00f6\u00f6rid. Fikseeritud kapuuts. Elastsed k\u00e4tised.","og_url":"https:\/\/raksersport.ee\/?product=pusa-icepeak-agran","og_site_name":"Rakser Sport","article_publisher":"https:\/\/www.facebook.com\/RakserSport\/","article_modified_time":"2025-12-24T12:01:59+00:00","og_image":[{"width":400,"height":464,"url":"https:\/\/raksersport.ee\/wp-content\/uploads\/2024\/09\/57850655_390_1.jpg","type":"image\/jpeg"}],"twitter_card":"summary_large_image","twitter_misc":{"Est. reading time":"1 minut"},"schema":{"@context":"https:\/\/schema.org","@graph":[{"@type":"WebPage","@id":"https:\/\/raksersport.ee\/?product=pusa-icepeak-agran","url":"https:\/\/raksersport.ee\/?product=pusa-icepeak-agran","name":"Pusa Icepeak Agran","isPartOf":{"@id":"https:\/\/raksersport.ee\/#website"},"primaryImageOfPage":{"@id":"https:\/\/raksersport.ee\/?product=pusa-icepeak-agran#primaryimage"},"image":{"@id":"https:\/\/raksersport.ee\/?product=pusa-icepeak-agran#primaryimage"},"thumbnailUrl":"https:\/\/raksersport.ee\/wp-content\/uploads\/2024\/09\/57850655_390_1.jpg","datePublished":"2024-09-19T14:17:13+00:00","dateModified":"2025-12-24T12:01:59+00:00","description":"Pusa Icepeak Agran 57850655\/390.Icepeak Midlayer meestele. Tavaline suurus. Kapuutsil pingutusn\u00f6\u00f6rid. Fikseeritud kapuuts. Elastsed k\u00e4tised.","breadcrumb":{"@id":"https:\/\/raksersport.ee\/?product=pusa-icepeak-agran#breadcrumb"},"inLanguage":"et","potentialAction":[{"@type":"ReadAction","target":["https:\/\/raksersport.ee\/?product=pusa-icepeak-agran"]}]},{"@type":"ImageObject","inLanguage":"et","@id":"https:\/\/raksersport.ee\/?product=pusa-icepeak-agran#primaryimage","url":"https:\/\/raksersport.ee\/wp-content\/uploads\/2024\/09\/57850655_390_1.jpg","contentUrl":"https:\/\/raksersport.ee\/wp-content\/uploads\/2024\/09\/57850655_390_1.jpg","width":400,"height":464,"caption":"Pusa Icepeak Agran"},{"@type":"BreadcrumbList","@id":"https:\/\/raksersport.ee\/?product=pusa-icepeak-agran#breadcrumb","itemListElement":[{"@type":"ListItem","position":1,"name":"Home","item":"https:\/\/raksersport.ee\/"},{"@type":"ListItem","position":2,"name":"Pood","item":"https:\/\/raksersport.ee\/"},{"@type":"ListItem","position":3,"name":"Pusa Icepeak Agran"}]},{"@type":"WebSite","@id":"https:\/\/raksersport.ee\/#website","url":"https:\/\/raksersport.ee\/","name":"RakserSport","description":"Spordipoed Haapsalus ja Raplas","publisher":{"@id":"https:\/\/raksersport.ee\/#organization"},"potentialAction":[{"@type":"SearchAction","target":{"@type":"EntryPoint","urlTemplate":"https:\/\/raksersport.ee\/?s={search_term_string}"},"query-input":{"@type":"PropertyValueSpecification","valueRequired":true,"valueName":"search_term_string"}}],"inLanguage":"et"},{"@type":"Organization","@id":"https:\/\/raksersport.ee\/#organization","name":"Rakser Sport O\u00dc","url":"https:\/\/raksersport.ee\/","logo":{"@type":"ImageObject","inLanguage":"et","@id":"https:\/\/raksersport.ee\/#\/schema\/logo\/image\/","url":"https:\/\/raksersport.ee\/wp-content\/uploads\/2020\/03\/rakser-logo-BW.jpg","contentUrl":"https:\/\/raksersport.ee\/wp-content\/uploads\/2020\/03\/rakser-logo-BW.jpg","width":2020,"height":377,"caption":"Rakser Sport O\u00dc"},"image":{"@id":"https:\/\/raksersport.ee\/#\/schema\/logo\/image\/"},"sameAs":["https:\/\/www.facebook.com\/RakserSport\/"]}]}},"jetpack_sharing_enabled":true,"_links":{"self":[{"href":"https:\/\/raksersport.ee\/wp-json\/wp\/v2\/product\/15936","targetHints":{"allow":["GET"]}}],"collection":[{"href":"https:\/\/raksersport.ee\/wp-json\/wp\/v2\/product"}],"about":[{"href":"https:\/\/raksersport.ee\/wp-json\/wp\/v2\/types\/product"}],"replies":[{"embeddable":true,"href":"https:\/\/raksersport.ee\/wp-json\/wp\/v2\/comments?post=15936"}],"wp:featuredmedia":[{"embeddable":true,"href":"https:\/\/raksersport.ee\/wp-json\/wp\/v2\/media\/15831"}],"wp:attachment":[{"href":"https:\/\/raksersport.ee\/wp-json\/wp\/v2\/media?parent=15936"}],"wp:term":[{"taxonomy":"product_brand","embeddable":true,"href":"https:\/\/raksersport.ee\/wp-json\/wp\/v2\/product_brand?post=15936"},{"taxonomy":"product_cat","embeddable":true,"href":"https:\/\/raksersport.ee\/wp-json\/wp\/v2\/product_cat?post=15936"},{"taxonomy":"product_tag","embeddable":true,"href":"https:\/\/raksersport.ee\/wp-json\/wp\/v2\/product_tag?post=15936"}],"curies":[{"name":"wp","href":"https:\/\/api.w.org\/{rel}","templated":true}]}}